?
9
Let o = 9 + 0. Let r(u) = u**2 + 15*u + 83. Calculate the remainder when r(-5) is divided by o.
6
What is the remainder when 182 is divided by (-1 - -1) + (51 - 46)?
2
Suppose -x - 18 = -7*x. Let m(d) = 11*d - 6. What is the remainder when m(x) is divided by 7?
6
Let h(t) = t**2 - 5*t - 68. Calculate the remainder when h(13) is divided by 3.
0
Let s be (-1)/(-3) + (-35)/(-3). Let z = s - -36. Suppose -g - 5*g + z = 0. Calculate the remainder when 13 is divided by g.
5
Suppose 5*p + 2*c + 62 = 0, 3*c + 0*c - 26 = p. Let j = 81 + p. Calculate the remainder when j is divided by 34.
33
Let p(m) = m - 4. Let z be p(6). Suppose -z*l = 22 - 26. Suppose 2*o - 80 = -2*c, 3*c - l*o + 156 = 7*c. Calculate the remainder when c is divided by 10.
8
Let h(l) = -l**2 + 8*l - 3. Let o be h(7). Suppose -12 = -o*g - 0*g, 3*w - 87 = 2*g. What is the remainder when w is divided by 8?
7
Let p = 8 - 18. Suppose -6*i = -4*i - 24. What is the remainder when (-2)/p - 702/(-15) is divided by i?
11
Let o be (-147)/14*(-2 - 4). Suppose -2*s + s - o = 0. Let p = s - -95. What is the remainder when 62 is divided by p?
30
Let w = -24 - -37. Let c(g) = 2*g - 2. Let d be c(w). Suppose -i - i - d = -3*v, 3*v - 3*i = 21. Calculate the remainder when 38 is divided by v.
8
Let g = 78 - 74. Suppose p + 3 = q - 11, 0 = 2*q + g*p - 10. What is the remainder when q is divided by 2?
1
Let y = 11 + 10. Let h be 0*-3*2/(-6). Calculate the remainder when y is divided by 4/((-2)/(-12)*(3 - h)).
5
Suppose 8*j + 3 = 9*j. Suppose 0 = 3*a + j*p + p - 83, -4*a - p = -89. Calculate the remainder when a is divided by 6.
3
Suppose -2*f - 3*q + 54 = -45, 2*f - 78 = 4*q. Calculate the remainder when 100 is divided by f.
10
Suppose z - 2*q - 27 = 0, -52*z + 5*q - 92 = -55*z. Calculate the remainder when z is divided by 6.
5
Suppose -3*g - 435 = -1527. What is the remainder when g is divided by 16?
12
Let v(j) = 2*j**2 + 11*j - 2. Let k be v(-5). Let a = k - -11. Suppose 170 = a*i + 2*n - 182, 4*n = 16. What is the remainder when i is divided by 22?
20
Suppose -9*x - 695 = -902. Calculate the remainder when 252 is divided by x.
22
Let b = 21 - 22. Let s be 45 + b + -3 + -1. Let u = s - 37. What is the remainder when 5 is divided by u?
2
Let q = 1619 - 1575. Calculate the remainder when 174 is divided by q.
42
Let n(z) = -z**2 + 4*z - 1. Suppose -15 = -2*q - 1. Let w(x) = -x**3 + 6*x**2 + 9*x - 8. Calculate the remainder when w(q) is divided by n(3).
0
Let j be 4088/48 + 3/(-18). Let c = j - 56. Calculate the remainder when 113 is divided by c.
26
Let x = 778 + -740. What is the remainder when x is divided by 6/(-9) + 130/6?
17
Let x(z) = -69*z - 3. Let v be x(-3). What is the remainder when ((-10)/3)/(2*(-4)/v) is divided by 22?
19
Suppose 3*l - 828 = 3*d, 0 = -2*l - 42*d + 40*d + 560. What is the remainder when l is divided by 47?
43
Suppose q = -4*f + 38, q - 2*f = 37 - 5. Let j = -145 - -164. Calculate the remainder when q is divided by j.
15
Let z = 31 + -15. Let v = z + 4. Calculate the remainder when 59 is divided by v.
19
Suppose -7*j - 5 = -117. Let t = -11 + j. Calculate the remainder when t is divided by 4.
1
Suppose 231 = 4*i - 1. Calculate the remainder when i is divided by (50/(-15))/5 + 47/3.
13
Let n(f) = -3*f + 196. What is the remainder when n(3) is divided by 39?
31
Suppose -4*f - 4*n - 56 = 68, -f - 2*n = 28. Let a = f - -46. Suppose -180 = -3*x - x. What is the remainder when x is divided by a?
9
Let h(x) = -25*x + 1. Suppose -4*q + 6*q = -4. Let p = -13 + 26. What is the remainder when h(q) is divided by p?
12
Let r(j) = -j**3 - 36*j**2 - 59*j - 3. Calculate the remainder when r(-35) is divided by 28.
25
Suppose 3*g = 2*o - 0*o, -4*o + 4*g + 8 = 0. Let z(r) = r**3 - 5*r**2 - 3*r - 7. Calculate the remainder when z(o) is divided by 3.
2
Let h(o) = -23*o - 3. What is the remainder when h(-2) is divided by 24?
19
Let h = -60 - -96. Calculate the remainder when h is divided by 28.
8
Suppose -15*m + 389 - 74 = 0. Calculate the remainder when 157 is divided by m.
10
Let s be 249 - 0 - (7 - 7). Suppose -2*x - 3*x - s = -4*w, -4*x + 57 = w. Let d = 11 - -5. What is the remainder when w is divided by d?
13
Suppose -28 = -4*g + 3*j + 67, -3*g - j + 55 = 0. Calculate the remainder when 698 is divided by g.
18
Let z(q) = q**2 + 3*q + 5. Suppose 10*f - 6*f = -428. Let k = f + 163. What is the remainder when k is divided by z(-5)?
11
Let x = -71 + 44. Let a(w) = -w**3 - 6*w**2 + 3*w - 2. Let g be a(-4). Let u = x - g. What is the remainder when u is divided by 5?
4
Let n(y) = -y**3 - 14*y**2 - y - 59. Calculate the remainder when n(-15) is divided by 14.
13
Suppose -2*r = t - 8 - 15, 5*t + 4*r - 109 = 0. What is the remainder when 459 is divided by t?
18
Let k(i) = 2*i**3 - 2*i**2 - 2*i - 3. Let o(b) = -b**3 - 10*b**2 + 16*b - 18. What is the remainder when o(-12) is divided by k(3)?
24
Let f be (-2*(-9)/(-6))/(-1) + 55. Let m = f + -53. What is the remainder when 11 is divided by m?
1
Let y(z) = -4*z + 37. Let m be y(6). Suppose -5*r = -2*r + 5*w + 34, 3*r = -3*w - 30. Let v = m + r. What is the remainder when v is divided by 2?
1
Suppose -37 = -h + 5*q - q, 4*h = -5*q + 127. What is the remainder when 123 is divided by h?
24
Suppose -2*g = 2*g - 12. Let f = g + 3. Suppose -2*d + f + 0 = 0. What is the remainder when 9 is divided by d?
0
Let w = 173 + -135. Calculate the remainder when 104 is divided by w.
28
Let q be ((-132)/(-3))/(4 + -2). Suppose q*a = 20*a + 182. What is the remainder when a is divided by 20?
11
Let o = 1920 - 1746. Calculate the remainder when o is divided by 25.
24
Suppose 0 = 3*k - 3*c - 68 + 5, 5*c = 0. What is the remainder when 51 is divided by k?
9
Let n = -1214 + 1393. What is the remainder when n is divided by 42?
11
Let c(d) = -d**3 - 5*d**2 - 7*d - 1. Suppose 7*z - 10*z = 12. Calculate the remainder when c(z) is divided by 6.
5
Let v be (-412)/(-6) - (-2)/(-3). Let j be -37 - ((-2)/5 - (-34)/10). Let d = v + j. Calculate the remainder when 83 is divided by d.
27
Let v = -12 + 15. Suppose 4*f = 5*f - v. Suppose 0 = f*x + 5*y - 59, 4*y - 68 = -2*x - 2*x. What is the remainder when x is divided by 7?
6
Let c be (-508)/(-6) + (-7)/(-21). Calculate the remainder when (-136)/c*(-15)/2 is divided by 5.
2
Let g = 31 - 27. Let i be (18/6)/(1/g). Calculate the remainder when 60 is divided by ((-3)/(-2))/(i/128).
12
Suppose x - 18 = -5. Let m be 10/(-15)*63*2/(-6). Suppose -6*i + m + 4 = 0. What is the remainder when x is divided by i?
1
Let z(c) = 8*c + 3. Suppose 0 = -2*d + 5*v - 335, 0 = 5*d - 4*d - 2*v + 166. What is the remainder when z(5) is divided by ((-9)/(-12))/((-8)/d)?
13
Suppose 5*t + 340 = -5*d, 3*d - 5*d = t + 133. Let v = d + 80. Calculate the remainder when v is divided by 4.
3
Let i(x) = -x**2 - 14*x - 2. Suppose 0 = 5*u - 5*q + 60, 3*u + q = -16 - 12. What is the remainder when i(u) is divided by 10?
8
Suppose 0 = -2*c - 6, -183 = -5*o + 4*c - 8*c. Let k be (8/10)/(3/15). Suppose 8 = 3*y - 2*n - 38, 0 = -2*n - k. Calculate the remainder when o is divided by y.
11
Suppose -3*j - 48 = -0. Let p = -1 - -3. Calculate the remainder when p is divided by 3/12 - 12/j*1.
0
Let p be (1 + -7)*2/(-1). Suppose 3*n = -n + p. Let q(a) = -2*a - 20. Calculate the remainder when q(-12) is divided by n.
1
Suppose -6*d + 144 = -114. Suppose -d = -15*x + 14*x. Calculate the remainder when x is divided by (-6)/4*30/(-3).
13
Let q(k) = 15*k - 318. Let n(d) = d**3 + 8*d**2 - 12*d + 4. Let p be n(-9). Let g = p + -17. Calculate the remainder when q(23) is divided by g.
13
Let d(x) = 311*x**2 + 8*x. Calculate the remainder when d(-1) is divided by 51.
48
Let c(l) = -96*l + 52. Let i(d) = 19*d - 10. Let u(y) = 2*c(y) + 11*i(y). Calculate the remainder when u(8) is divided by 19.
16
Let g be ((-69)/12 - -2)*-20. Let i = -35 + g. Calculate the remainder when i is divided by 22.
18
Let p = 48 - 12. Let w = p - 15. Suppose 0 = y - 4*y + 33. Calculate the remainder when w is divided by y.
10
Let y(o) = 37*o**2 + 2*o + 1. What is the remainder when 251 is divided by y(-1)?
35
Let u = -192 - -217. Calculate the remainder when 73 is divided by u.
23
Calculate the remainder when 28 is divided by (-1*1)/2*2244/(-102).
6
Let p be -95*(5 + -7)*2/10. Let x = p - 20. What is the remain